{"id":689,"date":"2015-10-14T14:37:16","date_gmt":"2015-10-14T14:37:16","guid":{"rendered":"http:\/\/www.roboticasimple.com\/?page_id=689"},"modified":"2015-10-14T14:37:16","modified_gmt":"2015-10-14T14:37:16","slug":"porque-ensenar-robotica","status":"publish","type":"page","link":"https:\/\/makersimple.com\/?page_id=689","title":{"rendered":"\u00bfPorqu\u00e9 Ense\u00f1ar Rob\u00f3tica?"},"content":{"rendered":"<p><strong><a href=\"http:\/\/www.roboticasimple.com\" target=\"_blank\">RoboticaSimple.com<\/a><\/strong>, desde sus inicios tiene como objetivo difundir de forma simple la rob\u00f3tica, pero \u00bfporqu\u00e9 ense\u00f1ar rob\u00f3tica?<\/p>\n<p>La rob\u00f3tica aunque est\u00e1 muy de moda, no es la panacea de la educaci\u00f3n, ni por si sola va a ense\u00f1ar un mont\u00f3n de cosas que muchos argumentan, pero si es una herramienta para lograr que los alumnos adquieran ciertas destrezas y habilidades.<\/p>\n<p>Con su uso en el aula conseguimos que los alumnos se motiven, -nada les gusta m\u00e1s que aprender haciendo y jugando-, y este hecho ya es suficiente como para animarse a introducirlo.<\/p>\n<p>Adem\u00e1s se puede observar que permite:<\/p>\n<ul>\n<li>Fomento de la creatividad e imaginaci\u00f3n<\/li>\n<li>Motivaci\u00f3n extra y gusto por el aprendizaje<\/li>\n<li>Mayor capacidad de razonamiento, de abstracci\u00f3n y resoluci\u00f3n de problemas<\/li>\n<li>Mayor capacidad de atenci\u00f3n y autonom\u00eda<\/li>\n<li>Placer por el descubrimiento de nuevos conceptos<\/li>\n<li>Desarrollo de habilidades cognitivas y emocionales<\/li>\n<li>Mejora en la capacidad de reflexi\u00f3n<\/li>\n<li>Fomento del trabajo colaborativo<\/li>\n<li>Fomentar el Pensamiento Computacional<\/li>\n<\/ul>\n<p><strong>\u00bfQu\u00e9 es el Pensamiento Computacional?<\/strong><\/p>\n<p>Jeannette Wing en 2006 public\u00f3 que \u201cel pensamiento computacional implica resolver problemas, dise\u00f1ar sistemas y comprender el comportamiento humano, haciendo uso de los conceptos fundamentales de la inform\u00e1tica\u201d.<\/p>\n<p>Y a partir de aqu\u00ed han ido apareciendo sucesivas definiciones que recogen como punto de partida el pensamiento computacional como un proceso de resoluci\u00f3n de problemas.<\/p>\n<p>La rob\u00f3tica, muy relacionada con el pensamiento computacional, es de mucha utilidad para aplicarla a la resoluci\u00f3n de problemas reales.<\/p>\n<p><strong>Finalmente&#8230;<\/strong><\/p>\n<p>No soy de la idea de que la rob\u00f3tica es para todos ya que soy consciente de que el \u00abgusto\u00bb por la misma es una motivaci\u00f3n propia y no externa, y por consiguiente no tiene porque interesarle a todo el mundo.<\/p>\n<p>Lo que nosotros tratamos de hacer es que muchas m\u00e1s personas -tanto alumnos como docentes- se interesen por la misma, y puedan acceder de forma f\u00e1cil al conocimiento en este tema.<\/p>\n<p>.<\/p>\n","protected":false},"excerpt":{"rendered":"<p>RoboticaSimple.com, desde sus inicios tiene como objetivo difundir de forma simple la rob\u00f3tica, pero \u00bfporqu\u00e9 ense\u00f1ar rob\u00f3tica? La rob\u00f3tica aunque est\u00e1 muy de moda, no es la panacea de la educaci\u00f3n, ni por si sola va a ense\u00f1ar un mont\u00f3n de cosas que muchos argumentan, pero si es una herramienta para lograr que los alumnos [&hellip;]<\/p>\n","protected":false},"author":1,"featured_media":0,"parent":0,"menu_order":0,"comment_status":"closed","ping_status":"closed","template":"","meta":{"footnotes":""},"class_list":["post-689","page","type-page","status-publish","hentry"],"_links":{"self":[{"href":"https:\/\/makersimple.com\/index.php?rest_route=\/wp\/v2\/pages\/689","targetHints":{"allow":["GET"]}}],"collection":[{"href":"https:\/\/makersimple.com\/index.php?rest_route=\/wp\/v2\/pages"}],"about":[{"href":"https:\/\/makersimple.com\/index.php?rest_route=\/wp\/v2\/types\/page"}],"author":[{"embeddable":true,"href":"https:\/\/makersimple.com\/index.php?rest_route=\/wp\/v2\/users\/1"}],"replies":[{"embeddable":true,"href":"https:\/\/makersimple.com\/index.php?rest_route=%2Fwp%2Fv2%2Fcomments&post=689"}],"version-history":[{"count":0,"href":"https:\/\/makersimple.com\/index.php?rest_route=\/wp\/v2\/pages\/689\/revisions"}],"wp:attachment":[{"href":"https:\/\/makersimple.com\/index.php?rest_route=%2Fwp%2Fv2%2Fmedia&parent=689"}],"curies":[{"name":"wp","href":"https:\/\/api.w.org\/{rel}","templated":true}]}}