{"id":2159,"date":"2016-04-03T14:38:54","date_gmt":"2016-04-03T14:38:54","guid":{"rendered":"https:\/\/www.makersimple.com\/?page_id=2"},"modified":"2026-03-04T18:55:03","modified_gmt":"2026-03-04T18:55:03","slug":"nosotros","status":"publish","type":"page","link":"https:\/\/makersimple.com\/?page_id=2159","title":{"rendered":"Nosotros"},"content":{"rendered":"\n<p><strong>MakerSimple.com<\/strong>, web\/blog que tiene como idea principal la de recopilar informaci\u00f3n sobre aquellos temas relacionados con los Makers, es decir personas que crean diferentes cosas mezclando \u00e1reas como la electr\u00f3nica, electricidad, rob\u00f3tica, impresoras 3d, etc., con la finalidad de difundir conocimiento para crear nuevas generaciones capaces de desarrollar las tecnolog\u00edas del futuro para bien de nuestra humanidad.<\/p>\n\n\n\n<p>.<\/p>\n\n\n\n<p><\/p>\n","protected":false},"excerpt":{"rendered":"<p>MakerSimple.com, web\/blog que tiene como idea principal la de recopilar informaci\u00f3n sobre aquellos temas relacionados con los Makers, es decir personas que crean diferentes cosas mezclando \u00e1reas como la electr\u00f3nica, electricidad, rob\u00f3tica, impresoras 3d, etc., con la finalidad de difundir conocimiento para crear nuevas generaciones capaces de desarrollar las tecnolog\u00edas del futuro para bien de [&hellip;]<\/p>\n","protected":false},"author":1,"featured_media":0,"parent":0,"menu_order":0,"comment_status":"closed","ping_status":"open","template":"","meta":{"footnotes":""},"class_list":["post-2159","page","type-page","status-publish","hentry"],"_links":{"self":[{"href":"https:\/\/makersimple.com\/index.php?rest_route=\/wp\/v2\/pages\/2159","targetHints":{"allow":["GET"]}}],"collection":[{"href":"https:\/\/makersimple.com\/index.php?rest_route=\/wp\/v2\/pages"}],"about":[{"href":"https:\/\/makersimple.com\/index.php?rest_route=\/wp\/v2\/types\/page"}],"author":[{"embeddable":true,"href":"https:\/\/makersimple.com\/index.php?rest_route=\/wp\/v2\/users\/1"}],"replies":[{"embeddable":true,"href":"https:\/\/makersimple.com\/index.php?rest_route=%2Fwp%2Fv2%2Fcomments&post=2159"}],"version-history":[{"count":1,"href":"https:\/\/makersimple.com\/index.php?rest_route=\/wp\/v2\/pages\/2159\/revisions"}],"predecessor-version":[{"id":2332,"href":"https:\/\/makersimple.com\/index.php?rest_route=\/wp\/v2\/pages\/2159\/revisions\/2332"}],"wp:attachment":[{"href":"https:\/\/makersimple.com\/index.php?rest_route=%2Fwp%2Fv2%2Fmedia&parent=2159"}],"curies":[{"name":"wp","href":"https:\/\/api.w.org\/{rel}","templated":true}]}}